*b**3 - 12*b**2 - 9*b + 9. Let m(r) = -9*r**3 + 23*r**2 + 17*r - 17. Let l(u) = -6*m(u) - 11*s(u). List the prime factors of l(-6).
3, 7
Let k = -186 - -269. List the prime factors of k.
83
Suppose -51 = -q - 5*n - 16, 2*q - 2*n - 58 = 0. List the prime factors of q.
2, 3, 5
Let n(s) = -3 + 0 + 7*s**2 + 11 - 6*s - s**3. What are the prime factors of n(6)?
2
Let u be 4*17*1/4. Suppose z + u = 66. List the prime factors of z.
7
Let w = 2 - -2. Let s = -2 + w. Suppose -s*y = -2*p + y + 2, -3*p + 10 = -y. List the prime factors of p.
2
Let z be (-228)/14 + (-4)/(-14). Let h = -6 - z. What are the prime factors of h?
2, 5
Suppose -3*z + 674 - 242 = 0. List the prime factors of z.
2, 3
Let m = -3 + 6. Suppose -i = -6*i. Suppose -m*r + 2 + 10 = i. What are the prime factors of r?
2
Suppose -4*m = -5*d - 42, m + 32 = -4*d + d. Let y be (-6)/12*(0 + d). Suppose 36 = y*f - f. What are the prime factors of f?
3
Let i = -20 - -60. What are the prime factors of i?
2, 5
Let v(p) = p - 1. Let g be v(7). Suppose -5*b + 2*b = -g. Suppose -b*y - 24 = -2*i - 3*y, 0 = -2*y. List the prime factors of i.
2, 3
Let o = 123 + -22. List the prime factors of o.
101
Let h(b) = -5*b + 4. List the prime factors of h(-8).
2, 11
Let p(x) = x + 1. Let y be p(-11). Let s(h) = 17*h**3 - 1. Let k be s(-1). Let g = y - k. List the prime factors of g.
2
Let a(q) = 92*q**3 - 1. What are the prime factors of a(1)?
7, 13
Suppose -z + 5*f - 24 = -3*z, 5*z - 5*f = -10. Suppose -t = -2*t + z. List the prime factors of t.
2
Let y(d) = 2 + 2*d**2 - 3 - 4*d + 6*d. Let m be y(1). Suppose 5 + 4 = m*c. List the prime factors of c.
3
Suppose -4*k = 4*x + 24, 2*k + 7*x + 12 = 4*x. Let a = k - -12. Let s = a - 3. What are the prime factors of s?
3
Suppose 0 = 5*n + 121 - 346. List the prime factors of n.
3, 5
Let b(x) = -2*x + 2*x + 4*x. Let h be b(-1). What are the prime factors of (-25)/(-4) - 3/h?
7
List the prime factors of 9 - (6 - 2 - 1).
2, 3
Suppose -3*c + 5*z = -468, 2*z - 312 = -2*c + 3*z. What are the prime factors of c?
2, 3, 13
Let i = 88 - 25. What are the prime factors of i?
3, 7
What are the prime factors of (-24)/3*7/(-4)?
2, 7
Suppose 0 = 2*c - 231 - 87. What are the prime factors of c?
3, 53
Let g be 63/(-6)*(-8)/(-3). Let t(c) = 4*c + 8. Let d be t(-7). Let s = d - g. What are the prime factors of s?
2
Suppose -8 = -2*y + 64. List the prime factors of y.
2, 3
Let a(g) = -g + 12*g**3 + 0*g - 1 - g - g**2. Let n be a(-1). Let q = -8 - n. What are the prime factors of q?
2
Suppose 7*k - 2*k = 10. Suppose -m = 2*d - 8 - 19, k*d + 2*m = 22. List the prime factors of d.
2
Let v(j) = 0*j - j - 1 - j - 3. Let b = -11 + 5. What are the prime factors of v(b)?
2
Let a(m) = -19*m + 5. Let f(u) = -18*u + 5. Let i(b) = 4*a(b) - 5*f(b). List the prime factors of i(3).
37
Suppose -4*p = 2*u + 7 - 3, 0 = 2*u + 2*p - 6. Let o(n) = -n**2 + 5*n + 6. Let i be o(u). Let l = -6 - i. List the prime factors of l.
2, 3
Let v(z) = -z**3 + 3*z - 1. Let l be v(2). Let i(j) = j + 12. What are the prime factors of i(l)?
3
Suppose -13 = -4*t - 1. Let n(g) be the third derivative of -g**6/120 + g**5/20 + g**4/12 + 2*g**3/3 + g**2. List the prime factors of n(t).
2, 5
Let d(l) = -l**3 - 11*l**2 - 11*l - 6. Let f be d(-10). What are the prime factors of (f - 40)*(-1)/2?
2, 3
Let g = 225 - 161. What are the prime factors of g?
2
Let c = -40 - -243. What are the prime factors of c?
7, 29
Let v = 182 + -24. List the prime factors of v.
2, 79
What are the prime factors of (3/(-7))/(-3) + (-3635)/(-35)?
2, 13
Let a(v) = -v**2 - 12*v. What are the prime factors of a(-10)?
2, 5
Suppose 4*v - 5*v + 25 = 0. Suppose -165 - v = -2*k. Suppose 5*c = 5*b - 2*b + k, -4*b + 20 = 0. What are the prime factors of c?
2, 11
Let o(k) = k**2 - 5. Let w be o(4). Suppose 0*y + y = w. What are the prime factors of y?
11
Let l = 61 + -36. What are the prime factors of (l/2)/((-2)/(-4))?
5
Let j be (3 - 21/9)*-6. Let y = j + 8. List the prime factors of y.
2
Suppose 2*w = 2*h - 34 - 12, h - 5 = -5*w. What are the prime factors of h?
2, 5
Let v(g) = g**3 - 10*g**2 - 11*g + 3. Let q be v(11). Suppose -42 = 4*w - w + 3*z, 5*w = q*z - 54. Let y = 20 + w. List the prime factors of y.
2
Suppose 119 = 2*g + 5*a, 0 = 5*a - 10 + 25. What are the prime factors of g?
67
Suppose 1 = 4*b + 25. Let y = b - -6. Suppose 4*o - u - 16 = u, y = -o - u - 2. List the prime factors of o.
2
Suppose -r - 23 + 118 = 0. Suppose -2*b + 5*n = -7*b + r, -25 = -3*b + 5*n. List the prime factors of b.
3, 5
Suppose -50*n - 680 = -55*n. List the prime factors of n.
2, 17
Suppose 33 = -5*c + 138. What are the prime factors of c?
3, 7
Let x be (36/(-30))/(4/(-10)). Suppose -2 = 4*m + 2*i, -m + 11 = -x*m - 3*i. List the prime factors of (-15)/3*-2 + m.
2, 3
Let h = -30 + 69. List the prime factors of h.
3, 13
Let p be (-4)/14 + (-2)/(-7). Suppose -5*v = -4*a - p*v, a + 15 = 5*v. Let t = 0 + a. List the prime factors of t.
5
Let s = -9 + 77. Suppose -9 = -3*u - 3. Suppose u*p - s = -2*p. List the prime factors of p.
17
Let z = 90 + 9. List the prime factors of z.
3, 11
Let m(y) = y**3 - y**2 - 6*y - 3. List the prime factors of m(5).
67
Suppose 5*z - 150 = -3*h + 82, -2*h = -z + 36. What are the prime factors of z?
2, 11
Let g(w) = -3*w - 19. Let b(p) = -p - 6. Let o(s) = 11*b(s) - 4*g(s). What are the prime factors of o(-6)?
2
Suppose -26*l - 19 = -27*l. What are the prime factors of l?
19
Suppose 7 + 17 = -3*j. Let q(g) = -3*g - 12. List the prime factors of q(j).
2, 3
Suppose 0 = 4*q - 2*q - 48. What are the prime factors of q?
2, 3
Suppose -k = 2*k - 312. What are the prime factors of k?
2, 13
Suppose a + 2*w - 2 = 0, 2*a = -5*w + 2*w + 5. List the prime factors of a.
2
Let u = 345 - 245. Let i = u - 67. What are the prime factors of i?
3, 11
Let x = 5 + -4. Let k be (-1)/(1/(-8)*1). Suppose u - k = -x. List the prime factors of u.
7
Let w = -334 + 487. What are the prime factors of w?
3, 17
Let h(l) = -3*l - 1. What are the prime factors of h(-7)?
2, 5
Suppose 0 = h - 0*h + 3*w - 69, 5*h - 3*w - 363 = 0. What are the prime factors of h?
2, 3
Suppose 213 = -4*y - 2*k + 737, 5*y + 4*k = 652. What are the prime factors of y?
2, 3, 11
Let p(c) = c**2 - c + 5. Let t be p(0). Suppose 0*k - 76 = 3*k - t*h, -5*k - 4*h = 65. Let l = 29 + k. List the prime factors of l.
2, 3
Suppose 4*s - 4 = 4. Suppose s*n - 4 = -4*i, -22 = -n + 3*i - i. Suppose -4*d = -d - n. What are the prime factors of d?
2
Let r be (18/4 - 2)*-4. Let z be 5*(-2 - 34/r). Let l = z + -4. What are the prime factors of l?
3
Let z(r) = -3*r + 13. What are the prime factors of z(-6)?
31
Suppose 2*a = -w + 54, 0 = -a + 4*a - 12. List the prime factors of w.
2, 23
Let a(g) = g + 4. What are the prime factors of a(-2)?
2
Let z(a) = -a**3 + 5*a**2 - a - 11. List the prime factors of z(-6).
17, 23
What are the prime factors of (-1)/1*(10 + -51)?
41
Suppose -3*a = -4*i + i - 60, 4*a + 25 = -3*i. Let s = i + 18. List the prime factors of s.
3
Suppose j - z - 3 = 0, 5*j + 2*z = j + 30. Suppose 5*b + 5*i = 5, 28 = -2*b + 4*i + j. What are the prime factors of b*(-1 + 14/(-3))?
17
Let x = 372 + -139. List the prime factors of x.
233
Let u = 0 + 43. List the prime factors of u.
43
Suppose p + r + 2 + 12 = 0, -3*p - 40 = 4*r. Let u = p + 28. List the prime factors of u.
2, 3
Let d = 0 + 2. Suppose -2*a - d*a - 104 = 0. Let h = a - -37. List the prime factors of h.
11
Let m be (-2)/(-7) - 104/(-28). Suppose 0 = -m*g - 16 - 28. Let l = g + 23. What are the prime factors of l?
2, 3
Let y = -19 + 53. What are the prime factors of y?
2, 17
Suppose 3*s - 17 + 3 = -4*w, 2*w = -8. Suppose s + 20 = f. What are the prime factors of f?
2, 3, 5
Let j = 58 - 42. What are the prime factors of j?
2
Let j = 32 + -28. List the prime factors of j.
2
Suppose 2 = 2*r + 4*p, 31 = -2*r + 7*r - 3*p. Let m(b) = 3*b - 2*b - 1 + r. List the prime factors of m(7).
11
Suppose f = 3*f - 4. Let y be (-66)/(-9) - f/(-3). Let z(d) = d**2 - 7*d - 2. List the prime factors of z(y).
2, 3
Suppose 0 = -3*t + 22 + 11. Let i = 21 - t. List the prime factors of i.
2, 5
Let m = -10 - -30. List the prime factors of m.
2, 5
Let g = -105 - -180. List the prime factors of g.
3, 5
Let n = 11 + -13. What are the prime factors of n - (33/(-3) + 2)?
7
Let p = -9 + 6